 multiple of 23?
True
Is 3 a factor of 15?
True
Does 2 divide 3557?
False
Is 24 a factor of 4394?
False
Does 19 divide 23636?
True
Is 3260 a multiple of 93?
False
Does 5 divide 12509?
False
Is 15 a factor of 7125?
True
Is 3517 a multiple of 189?
False
Does 53 divide 3551?
True
Is 2439 a multiple of 3?
True
Is 378 a multiple of 42?
True
Is 7942 a multiple of 10?
False
Does 13 divide 426?
False
Is 3542 a multiple of 253?
True
Is 3379 a multiple of 109?
True
Does 13 divide 1547?
True
Is 2 a factor of 379?
False
Does 5 divide 135?
True
Does 44 divide 63833?
False
Is 10207 a multiple of 12?
False
Is 12 a factor of 31655?
False
Is 10414 a multiple of 47?
False
Is 29728 a multiple of 40?
False
Does 23 divide 45977?
True
Is 11 a factor of 1606?
True
Does 10 divide 28290?
True
Is 55 a factor of 2585?
True
Does 17 divide 15441?
False
Is 34048 a multiple of 7?
True
Is 1127 a multiple of 49?
True
Is 30 a factor of 1689?
False
Does 34 divide 71944?
True
Is 7 a factor of 1632?
False
Is 32 a factor of 19136?
True
Does 124 divide 3393?
False
Does 8 divide 8692?
False
Is 5 a factor of 1300?
True
Is 672 a multiple of 8?
True
Is 11 a factor of 22301?
False
Is 3827 a multiple of 18?
False
Is 170 a factor of 39780?
True
Is 37 a factor of 161246?
True
Does 83 divide 1752?
False
Is 36142 a multiple of 34?
True
Is 39 a factor of 1319?
False
Is 122 a factor of 12004?
False
Does 30 divide 4020?
True
Does 9 divide 1282?
False
Is 6324 a multiple of 12?
True
Is 11 a factor of 42?
False
Does 46 divide 3838?
False
Is 17856 a multiple of 72?
True
Is 4073 a multiple of 7?
False
Is 720 a multiple of 5?
True
Is 37 a factor of 1393?
False
Does 81 divide 642?
False
Is 19 a factor of 617?
False
Is 673 a multiple of 12?
False
Does 5 divide 13453?
False
Is 355 a multiple of 3?
False
Is 2224 a multiple of 16?
True
Is 3106 a multiple of 21?
False
Is 5 a factor of 2213?
False
Does 265 divide 22773?
False
Is 19040 a multiple of 40?
True
Is 21285 a multiple of 129?
True
Is 23 a factor of 184?
True
Is 3915 a multiple of 15?
True
Is 39 a factor of 195?
True
Is 128 a multiple of 16?
True
Is 705 a multiple of 9?
False
Does 27 divide 11556?
True
Is 5580 a multiple of 5?
True
Is 46 a factor of 690?
True
Is 101 a factor of 42824?
True
Does 95 divide 1140?
True
Does 148 divide 3256?
True
Does 98 divide 3629?
False
Is 10 a factor of 1000?
True
Does 49 divide 2807?
False
Is 11880 a multiple of 229?
False
Does 5 divide 145?
True
Is 520 a multiple of 5?
True
Is 220 a multiple of 20?
True
Is 14 even?
True
Is 9 a factor of 693?
True
Is 3 a factor of 412?
False
Does 12 divide 125?
False
Does 71 divide 3763?
True
Does 25 divide 1284?
False
Is 21 a factor of 2343?
False
Is 38 a factor of 3952?
True
Is 136 a factor of 31696?
False
Does 12 divide 511?
False
Does 388 divide 13370?
False
Is 136 a factor of 7888?
True
Is 7052 a multiple of 71?
False
Is 104 a factor of 17120?
False
Does 44 divide 13813?
False
Is 210 a multiple of 3?
True
Is 23 a factor of 7390?
False
Is 703 a multiple of 5?
False
Is 2 a factor of 764?
True
Is 9 a factor of 13041?
True
Is 72940 a multiple of 78?
False
Does 45 divide 56967?
False
Is 26 a factor of 260?
True
Is 14 a factor of 10984?
False
Does 54 divide 1674?
True
Is 13214 a multiple of 13?
False
Is 42720 a multiple of 89?
True
Is 375 a multiple of 14?
False
Does 6 divide 2171?
False
Does 3 divide 6173?
False
Does 5 divide 1406?
False
Is 11 a factor of 462?
True
Does 213 divide 31737?
True
Is 2 a factor of 850?
True
Is 170 a factor of 2550?
True
Does 299 divide 20930?
True
Does 71 divide 2155?
False
Does 210 divide 8411?
False
Is 609 a multiple of 3?
True
Is 73 a factor of 5037?
True
Is 633 a multiple of 16?
False
Does 32 divide 71?
False
Is 37 a factor of 10967?
False
Does 54 divide 4698?
True
Is 29 a factor of 8613?
True
Is 196 a factor of 4704?
True
Is 105 a factor of 48899?
False
Does 20 divide 4928?
False
Is 21 a factor of 17346?
True
Is 686 a multiple of 14?
True
Is 30337 a multiple of 305?
False
Is 1784 a multiple of 13?
False
Is 25 a factor of 1721?
False
Is 252 a factor of 8594?
False
Is 4914 a multiple of 126?
True
Does 75 divide 6249?
False
Is 48360 a multiple of 39?
True
Is 1659 a multiple of 92?
False
Is 10 a factor of 4549?
False
Is 16 a factor of 11142?
False
Is 12876 a multiple of 37?
True
Is 40 a factor of 64196?
False
Is 30 a multiple of 5?
True
Is 550 a multiple of 22?
True
Is 24 a factor of 158?
False
Does 25 divide 3150?
True
Is 31 a factor of 14111?
False
Is 364 a multiple of 29?
False
Is 8211 a multiple of 69?
True
Is 75865 a multiple of 21?
False
Is 1896 a multiple of 104?
False
Is 69160 a multiple of 172?
False
Is 2 a factor of 539?
False
Does 14 divide 23450?
True
Is 70 a multiple of 5?
True
Is 2691 a multiple of 14?
False
Is 20 a factor of 36520?
True
Is 558 a multiple of 18?
True
Does 106 divide 24552?
False
Is 53409 a multiple of 57?
True
Is 25915 a multiple of 55?
False
Is 1041 a multiple of 55?
False
Is 47 a factor of 1081?
True
Is 35 a factor of 684?
False
Is 38 a factor of 833?
False
Is 11925 a multiple of 64?
False
Is 5 a factor of 1247?
False
Is 71 a factor of 6245?
False
Is 1062 a multiple of 9?
True
Is 69 a factor of 44712?
True
Is 84 a factor of 636?
False
Is 1232 a multiple of 112?
True
Does 3 divide 10511?
False
Is 1097 a multiple of 39?
False
Is 1680 a multiple of 4?
True
Is 6811 a multiple of 49?
True
Is 18 a factor of 465?
False
Does 93 divide 2232?
True
Does 9 divide 10431?
True
Does 45 divide 1665?
True
Is 423 a multiple of 47?
True
Is 32 a factor of 288?
True
Is 534 a multiple of 6?
True
Is 50 a factor of 24721?
False
Is 197 a multiple of 5?
False
Does 7 divide 2317?
True
Is 23 a factor of 11569?
True
Is 8522 a multiple of 17?
False
Is 9 a factor of 20520?
True
Is 65760 a multiple of 240?
True
Is 9 a factor of 8162?
False
Is 726 a multiple of 43?
False
Is 81 a factor of 383?
False
Is 9376 a multiple of 8?
True
Is 18172 a multiple of 7?
True
Is 23 a factor of 573?
False
Is 59 a factor of 292?
False
Is 7220 a multiple of 38?
True
Is 29 a factor of 12473?
False
Does 36 divide 1601?
False
Does 153 divide 98670?
False
Is 1359 a multiple of 9?
True
Is 21 a factor of 189?
True
Does 58 divide 116?
True
Is 1105 a multiple of 11?
False
Is 33 a factor of 3861?
True
Is 3 a factor of 29?
False
Is 112 a factor of 10952?
False
Is 35 a factor of 54635?
True
Is 16 a factor of 57536?
True
Is 67 a factor of 557?
False
Is 4245 a multiple of 283?
True
Is 106 a factor of 9451?
False
Does 9 divide 463?
False
Does 138 divide 46848?
False
Is 50 a factor of 1100?
True
Is 16 a factor of 16736?
True
Does 52 divide 4108?
True
Is 9640 a multiple of 40?
True
Is 9 a factor of 2691?
True
Is 81 a factor of 6561?
True
Does 72 divide 5976?
True
Is 399 a multiple of 19?
True
Does 24 divide 4152?
True
Is 1150 a multiple of 28?
False
Is 1716 a multiple of 22?
True
Is 2 a factor of 264?
True
Is 6889 a multiple of 71?
False
Is 13 a factor of 4850?
False
Does 77 divide 1663?
False
Is 6174 a multiple of 49?
True
Is 4 a factor of 1095?
False
Does 75 divide 5051?
False
Is 3609 a multiple of 14?
False
Does 44 divide 880?
True
Is 18 a factor of 104091?
False
Is 2 a factor of 275?
False
Is 3 a factor of 2263?
False
Is 319 a factor of 47244?
False
Is 27552 a multiple of 96?
True
Is 42 a multiple of 14?
True
Is 32175 a multiple of 165?
True
Is 1386 a multiple of 14?
True
Is 28 a factor of 2072?
True
Is 3570 a multiple of 21?
True
Is 3 a factor of 42?
True
Is 239 a factor of 65486?
True
Is 15996 a multiple of 62?
True
Does 7 divide 8951?
False
Does 13 divide 260?
True
Does 158 divide 1649?
False
Is 432 a multiple of 12?
True
Does 8 divide 1037?
False
Is 177 a factor of 13049?
False
Does 13 divide 2504?
False
Does 67 divide 64669?
False
Is 49 a factor of 833?
True
Is 4695 a multiple of 4?
False
Does 12 divide 4416?
True
Is 18 a factor of 396?
True
Is 3939 a multiple of 27?
False
Is 38506 a multiple of 125?
False
Does 116 divide 1535?
False
Does 17 divide 76?
False
Is 55 a factor of 6765?
True
Is 12336 a multiple of 8?
True
Is 25 a factor of 2225?
True
Does 33 divide 21836?
False
Is 54 a factor of 991?
False
Does 33 divide 2805?
True
Is 12 a factor of 1250?
False
Is 172 a factor of 3612?
True
Is 37 a factor of 629?
True
Is 161 a factor of 13846?
True
Is 108 a factor of 432?
True
Is